{"id":209,"date":"2017-02-13T04:18:06","date_gmt":"2017-02-13T04:18:06","guid":{"rendered":"https:\/\/demo.themegrill.com\/flash-pro-education\/?page_id=2"},"modified":"2019-01-15T10:09:46","modified_gmt":"2019-01-15T10:09:46","slug":"sample-page","status":"publish","type":"page","link":"https:\/\/ijc.fd.uc.pt\/?page_id=209","title":{"rendered":"IJC nos MEDIA"},"content":{"rendered":"<div id=\"pl-209\"  class=\"panel-layout\" ><div id=\"pg-209-0\"  class=\"panel-grid panel-no-style\" ><div id=\"pgc-209-0-0\"  class=\"panel-grid-cell\" ><div id=\"panel-209-0-0-0\" class=\"widget_text so-panel widget widget_custom_html panel-first-child panel-last-child\" data-index=\"0\" ><div class=\"textwidget custom-html-widget\">&nbsp;\n<h3>\n\t2018\n<\/h3>\n<ul>\n\t\t\n\t\t<li><em><a href=\"https:\/\/www.facebook.com\/juridicodacomunicacao.ijc\/photos\/a.1638704826418126\/2001956760092929\/?type=3&theater\"><strong>Direito de resposta na comunica\u00e7\u00e3o social na Faculdade de Direito da UC <\/strong><\/a><\/em>\nDi\u00e1rio de Coimbra | 20.janeiro.2018<\/li>\t\n\t<li><em><a href=\"https:\/\/www.facebook.com\/juridicodacomunicacao.ijc\/photos\/a.1638704826418126\/2000436196911652\/?type=3&theater\"><strong>Curso Breve em Direito de resposta<\/strong><\/a><\/em>\nDi\u00e1rio de Coimbra | 19.janeiro.2018<\/li>\t\n\t<li><em><a href=\"https:\/\/www.facebook.com\/juridicodacomunicacao.ijc\/photos\/a.1638704826418126\/2061341110821160\/?type=3&theater\"><strong>Jos\u00e9 Ant\u00f3nio Saraiva debateu o Maio de 68 e a Europa <\/strong><\/a><\/em>\nDi\u00e1rio de Coimbra | 24.maio.2018<\/li>\t\n<li><em><a href=\"https:\/\/www.facebook.com\/juridicodacomunicacao.ijc\/photos\/a.1638704826418126\/2061895414099063\/?type=3&theater\"><strong>\"Naufr\u00e1gio da Europa\" em palestra da FDUC <\/strong><\/a><\/em>\nCampe\u00e3o de Prov\u00edncias | 24.maio.2018<\/li>\t\n\t<li><em><a href=\"https:\/\/www.facebook.com\/juridicodacomunicacao.ijc\/photos\/a.1638704826418126\/2061895414099063\/?type=3&theater\"><strong>Jos\u00e9 Ant\u00f3nio Saraiva fala do \"Maio de 68 e o naufr\u00e1gio da Europa\"<\/strong><\/a><\/em>\nDi\u00e1rio As Beiras | 24.maio.2018<\/li>\t\n\n<li><em><a href=\"https:\/\/www.facebook.com\/juridicodacomunicacao.ijc\/photos\/rpp.1638704789751463\/2192612297694040\/?type=3&theater\"><strong>Faculdade de Direito debate Redes Sociais <\/strong><\/a><\/em>\nDi\u00e1rio de Coimbra | 22.novembro.2018<\/li>\n\t<li><em><a href=\"https:\/\/www.facebook.com\/juridicodacomunicacao.ijc\/photos\/rpp.1638704789751463\/2178483639106906\/?type=3&theater\"><strong>Media e Democracia na FDUC<\/strong><\/a><\/em>\nDi\u00e1rio As Beiras | 29.outubro.2018<\/li>\n\t<li><em><a href=\"https:\/\/www.facebook.com\/juridicodacomunicacao.ijc\/photos\/rpp.1638704789751463\/2178022682486335\/?type=3&theater\"><strong>IJC quer criar Associa\u00e7\u00e3o de Antigos Alunos de Direito da Comunica\u00e7\u00e3o<\/strong><\/a><\/em>\nDi\u00e1rio de Coimbra | 29.outubro.2018<\/li>\n<li><em><a href=\"https:\/\/www.facebook.com\/juridicodacomunicacao.ijc\/photos\/a.1638704826418126\/2175334326088504\/?type=3&theater\"><strong>Mesa Redonda \"Media e Democracia\"<\/strong><\/a><\/em>\nDi\u00e1rio de Coimbra | 23.outubro.2018<\/li>\n\t<\/ul>\n<h3>\n\t2017\n<\/h3>\n<ul>\n \t<li><em><a href=\"https:\/\/www.ijc.fd.uc.pt\/pdfs\/media\/dc_11dez2017.pdf\"><strong>Direito e Media: Algumas Reflex\u00f5es<\/strong><\/a><\/em>\nDi\u00e1rio de Coimbra | 11.dezembro.2017<\/li>\n \t<li><span tabindex=\"0\" aria-live=\"polite\" data-ft=\"{'tn':'K'}\"><a href=\"https:\/\/www.facebook.com\/juridicodacomunicacao.ijc\/photos\/a.1638704826418126.1073741826.1638704789751463\/1839136393041634\/?type=3&amp;theater\" target=\"new\" rel=\"noopener\"><strong><em>Reportagem fotogr\u00e1fica do Jantar-Debate de Encerramento do Encontro de Reguladores da Comunica\u00e7\u00e3o Social dos Pa\u00edses de L\u00edngua Portuguesa<\/em><\/strong><\/a>\nDi\u00e1rio de Coimbra | 5.fevereiro.2017<\/span><\/li>\n \t<li><strong><em><a href=\"https:\/\/www.facebook.com\/juridicodacomunicacao.ijc\/photos\/a.1638704826418126.1073741826.1638704789751463\/1835374290084511\/?type=3&amp;theater\">Reguladores da Comunica\u00e7\u00e3o Social reuniram-se na UC<\/a><\/em><\/strong>\nDi\u00e1rio As Beiras | 28.janeiro.2017<\/li>\n \t<li><strong><a href=\"https:\/\/www.facebook.com\/juridicodacomunicacao.ijc\/photos\/a.1638704826418126.1073741826.1638704789751463\/1834483943506879\/?type=3&amp;theater\"><em>Reguladores da Comunica\u00e7\u00e3o Social dos PALOP recebem forma\u00e7\u00e3o na UC<\/em><\/a><\/strong>\nCampe\u00e3o de Prov\u00edncias | 26.janeiro.2017<\/li>\n \t<li><a href=\"https:\/\/www.facebook.com\/juridicodacomunicacao.ijc\/photos\/a.1638704826418126.1073741826.1638704789751463\/1834114140210526\/?type=3&amp;theater\"><em><strong>Tome Nota | Encontro de Reguladores da Comunica\u00e7\u00e3o Social<\/strong><\/em><\/a>\nDi\u00e1rio de Coimbra | 25.janeiro.2017<\/li>\n \t<li><strong><em><a href=\"https:\/\/www.facebook.com\/juridicodacomunicacao.ijc\/photos\/a.1638704826418126.1073741826.1638704789751463\/1834113556877251\/?type=3&amp;theater\">Encontro de Reguladores da Comunica\u00e7\u00e3o Social na Faculdade de Direito<\/a><\/em><\/strong>\nDi\u00e1rio As Beiras | 25.janeiro.2017<\/li>\n \t<li><a href=\"https:\/\/www.facebook.com\/juridicodacomunicacao.ijc\/photos\/a.1638704826418126.1073741826.1638704789751463\/1833364903618783\/?type=3&amp;theater\"><em><strong>Meios Digitais Colocam Novos Desafios ao Regulador<\/strong><\/em><\/a>\nDi\u00e1rio de Coimbra | 24.janeiro.2017<\/li>\n \t<li><em><a href=\"https:\/\/www.facebook.com\/juridicodacomunicacao.ijc\/photos\/a.1638704826418126.1073741826.1638704789751463\/1833339990287941\/?type=3&amp;theater\"><strong>Encontro de Reguladores<\/strong><\/a><\/em>\nCorreio da manh\u00e3 | 24.janeiro.2017<\/li>\n \t<li><strong><a href=\"https:\/\/www.facebook.com\/juridicodacomunicacao.ijc\/photos\/a.1638704826418126.1073741826.1638704789751463\/1833248096963797\/?type=3&amp;theater\" target=\"new\" rel=\"noopener\"><em>Encontro de Reguladores da Comunica\u00e7\u00e3o Social na Faculdade de Direito<\/em><\/a><\/strong>\nDi\u00e1rio As Beiras | 24.janeiro.2017<\/li>\n \t<li><a href=\"https:\/\/www.facebook.com\/juridicodacomunicacao.ijc\/photos\/a.1638704826418126.1073741826.1638704789751463\/1833248096963797\/?type=3&amp;theater\"><em><strong>Encontro de Reguladores da Comunica\u00e7\u00e3o Social<\/strong><\/em><\/a>\nDi\u00e1rio de Coimbra | 23.janeiro.2017<\/li>\n \t<li><em><a href=\"https:\/\/www.facebook.com\/juridicodacomunicacao.ijc\/photos\/a.1638704826418126.1073741826.1638704789751463\/1833339990287941\/?type=3&amp;theater\"><strong>Coimbra Recebe Encontro de Reguladores de Comunia\u00e7\u00e3o Social<\/strong><\/a><\/em>\nDi\u00e1rio de Leiria | Di\u00e1rios de Viseu | Di\u00e1rio de Aveiro | 23.janeiro.2017<\/li>\n \t<li><a href=\"https:\/\/www.ijc.fd.uc.pt\/pdfs\/media\/beiras_22out2016.pdf\"><em><strong>Instituto Jur\u00eddico volta \u00e0 actividade com p\u00f3s-gradua\u00e7\u00e3o em Direito da Comunica\u00e7\u00e3o<\/strong><\/em><\/a><\/li>\n<\/ul>\n\t\t<h3>\n2016\n\t\t<\/h3>\n<ul>\n \t<li><a href=\"https:\/\/www.ijc.fd.uc.pt\/pdfs\/media\/dc_21out2016.pdf\"><em><strong>P\u00f3s-gradu\u00e7\u00e3o em Direito da Comunica\u00e7\u00e3o renovada<\/strong><\/em><\/a>\nDi\u00e1rio de Coimbra | 21.outubro.2016<\/li>\n \t<li><em><a href=\"https:\/\/www.ijc.fd.uc.pt\/pdfs\/media\/beiras_21out2016.pdf\"><strong>Curso em Direito da Comunica\u00e7\u00e3o j\u00e1 come\u00e7ou<\/strong><\/a><\/em>\nDi\u00e1rio As Beiras | 21.outubro.2016<\/li>\n \t<li><strong><a href=\"https:\/\/www.ijc.fd.uc.pt\/pdfs\/media\/cp_21out2016.pdf\"><em>Instituto Jur\u00eddico volta \u00e0 actividade com p\u00f3s-gradua\u00e7\u00e3o em Direito da Comunica\u00e7\u00e3o<\/em><\/a><\/strong>\nCampe\u00e3o de Prov\u00edncias | 20.outubro.2016<\/li>\n \t<li><a href=\"https:\/\/www.ijc.fd.uc.pt\/pdfs\/media\/dc_16out2016.pdf\"><strong><em>Direito em di\u00e1logo com a Comunica\u00e7\u00e3o Social na FDUC<\/em><\/strong><\/a>\nDi\u00e1rio de Coimbra | 16.outubro.2016<\/li>\n \t<li><a href=\"https:\/\/www.facebook.com\/noticiasdecoimbra\/photos\/?tab=album&amp;album_id=602333983301675\" target=\"_blank\" rel=\"noopener\"><em><strong>Sess\u00e3o de Abertura do Curso de P\u00f3s-Gradua\u00e7\u00e3o em Direito da Comunica\u00e7\u00e3o<\/strong><\/em><\/a>\nNot\u00edcias de Coimbra | 15.outubro.2016<\/li>\n \t<li><a href=\"https:\/\/www.ijc.fd.uc.pt\/pdfs\/media\/cp_09junho2016_2.pdf\"><em><strong>Ascensor | A subir | Jo\u00e3o Nuno Calv\u00e3o da Silva<\/strong><\/em><\/a>\nCampe\u00e3o de Prov\u00edncias | 9.junho.2016<\/li>\n \t<li><a href=\"https:\/\/www.ijc.fd.uc.pt\/pdfs\/media\/cp_09junho2016.pdf\"><em><strong>Prestada Homenagem ao Prof. Pinto Monteiro<\/strong><\/em><\/a>\nCampe\u00e3o de Prov\u00edncias | 9.junho.2016<\/li>\n \t<li><em><strong><a href=\"https:\/\/www.ijc.fd.uc.pt\/pdfs\/media\/Beiras_04junho2016.pdf\">Ant\u00f3nio Pinto Monteiro homenageado pelo IGC<\/a><\/strong><\/em>\nAs Beiras | 4.junho.2016<\/li>\n \t<li><strong><a href=\"https:\/\/www.ijc.fd.uc.pt\/pdfs\/media\/cp_15abril2016.pdf\"><em>Figura da Semana \"Jo\u00e3o Nuno Calv\u00e3o da Silva<\/em><\/a><\/strong>\nCampe\u00e3o de Prov\u00edncias | 15.abril.2016<\/li>\n \t<li><a href=\"https:\/\/www.ijc.fd.uc.pt\/pdfs\/media\/dc_08abril2016.pdf\"><em><strong>Instituto Jur\u00eddico da Comunica\u00e7\u00e3o debate \"Direito, M\u00e9dia e Pol\u00edtica\"<\/strong><\/em><\/a>\nDi\u00e1rio de Coimbra | 8.abril.2016<\/li>\n \t<li><strong><a href=\"http:\/\/www.cmjornal.xl.pt\/tv_media\/detalhe\/politicos_e_jornalistas_debatem_precarizacao.html\"><em>Democracia em risco sem reformas na \u00e1rea pol\u00edtica<\/em><\/a><\/strong>\nCorreio da Manh\u00e3 | 7.abril.2016<\/li>\n \t<li><a href=\"http:\/\/www.noticiasdecoimbra.pt\/iniciativa-do-ijc-direito-media-e-politica-discutidos-em-lisboa\/\"><em><strong>Iniciativa do IJC: Direito, Media e Pol\u00edtica discutidos em Lisboa <\/strong><\/em><\/a>\nNot\u00edcias de Coimbra | 6.abril.2016<\/li>\n \t<li><strong><a href=\"https:\/\/www.ijc.fd.uc.pt\/pdfs\/media\/dc_06abril2016.pdf\"><em>Debate sobre um tema \"complexo e de algum melindre\"<\/em><\/a><\/strong>\nDi\u00e1rio de Coimbra | 6.abril.2016<\/li>\n \t<li><em><a href=\"https:\/\/www.ijc.fd.uc.pt\/pdfs\/media\/cm_06abril2016.pdf\"><strong>Justi\u00e7a, Pol\u00edtica e os Media<\/strong><\/a><\/em>\nCorreio da manh\u00e3 | 6.abril.2016<\/li>\n \t<li><a href=\"http:\/\/www.cmjornal.xl.pt\/tv_media\/detalhe\/20160326_2240_debate_analisa_relacao_entre_justica_e_media.html\"><strong><em>Debate analisa rela\u00e7\u00e3o entre justi\u00e7a e media\nProcesso Marqu\u00eas ser\u00e1 um dos temas em an\u00e1lise<\/em><\/strong><\/a>\nCMJornal | 27.mar\u00e7o.2016<\/li>\n \t<li><a href=\"https:\/\/www.ijc.fd.uc.pt\/pdfs\/media\/beiras_04032016.pdf\"><strong><em>Direito e Comunica\u00e7\u00e3o Social em debate na Quinta das L\u00e1grimas<\/em><\/strong><\/a>\nAs Beiras | 4.mar\u00e7o.2016<\/li>\n \t<li><a href=\"https:\/\/www.ijc.fd.uc.pt\/pdfs\/media\/dc_04mar2016.pdf\"><strong><em>Direito e Comunica\u00e7\u00e3o Social em debate na Quinta das L\u00e1grimas<\/em><\/strong><\/a>\nDi\u00e1rio de Coimbra | 4.mar\u00e7o.2016<\/li>\n \t<li><strong><em><a href=\"https:\/\/www.ijc.fd.uc.pt\/pdfs\/media\/campeao_03mar2016.pdf\">Coube ao segredo de justi\u00e7a ser a alma... dos equ\u00edvocos<\/a><\/em><\/strong>\nCampe\u00e3o de Prov\u00edncias | 03.mar\u00e7o.2016<\/li>\n \t<li><a href=\"https:\/\/www.ijc.fd.uc.pt\/pdfs\/media\/campeao_03mar2016_2.pdf\"><strong><em>Vinagretas<\/em><\/strong><\/a>\nCampe\u00e3o de Prov\u00edncias | 03.mar\u00e7o.2016<\/li>\n \t<li><strong><a href=\"https:\/\/www.ijc.fd.uc.pt\/pdfs\/media\/dc_29fev2016.pdf\"><em>Jornalismo e Direito \"devem entender-se\"<\/em><\/a><\/strong>\nDi\u00e1rio de Coimbra | 29.fevereiro.2016<\/li>\n \t<li><a href=\"https:\/\/www.ijc.fd.uc.pt\/pdfs\/media\/beiras_27fev2016.pdf\"><em><strong>Rela\u00e7\u00e3o entre media e justi\u00e7\u00e3o n\u00e3o \u00e9 f\u00e1cil<\/strong><\/em><\/a>\nDi\u00e1rio As Beiras | 27. fevereiro.2016<\/li>\n \t<li><strong><a href=\"https:\/\/www.ijc.fd.uc.pt\/pdfs\/media\/cp_26fev2016.pdf\"><em>\"Direito e comunica\u00e7\u00e3o social\" em debate, hoje, em Coimbra<\/em><\/a><\/strong>\nCampe\u00e3o das Prov\u00edncias Online | 26.fevereiro.2016<\/li>\n \t<li><strong><em><a href=\"https:\/\/www.ijc.fd.uc.pt\/pdfs\/media\/dc_26fev2016.pdf\">Instituto Jur\u00eddico promove col\u00f3quio<\/a><\/em><\/strong>\nDi\u00e1rio de Coimbra | 26.fevereiro.2016<\/li>\n \t<li><a href=\"http:\/\/radioregionalcentro.com\/pt\/index.php?option=com_content&amp;view=article&amp;id=2898:coimbra-coloquio-com-o-tema-direito-e-comunicacao-social-&amp;catid=46:noticias\"><em><strong>Col\u00f3quio com o tema \"Direito e comunica\u00e7\u00e3o social\"<\/strong><\/em><\/a>\nR\u00e1dio Regional do Centro Online | 26.fevereiro.2016<\/li>\n \t<li><a href=\"https:\/\/www.ijc.fd.uc.pt\/pdfs\/media\/beiras_19fev2016.pdf\"><em><strong>Instituto Jur\u00eddico da Comunica\u00e7\u00e3o celebra protocolos<\/strong><\/em><\/a>\nDi\u00e1rio As Beiras | 19.fevereiro.2016<\/li>\n \t<li><strong><a href=\"https:\/\/www.ijc.fd.uc.pt\/pdfs\/media\/dc_19fev2016.pdf\"><em>Instituto Jur\u00eddico da Comunica\u00e7\u00e3o renasce<\/em><\/a><\/strong>\nDi\u00e1rio de Coimbra | 19.fevereiro.2016<\/li>\n \t<li><a href=\"https:\/\/www.ijc.fd.uc.pt\/pdfs\/media\/campeao_18fev2016.pdf\"><strong><em>Em \"fase de rejuvenescimento\"\n<\/em><\/strong><strong><em>Instituto Jur\u00eddico da Comunica\u00e7\u00e3o acarinha a Imprensa Regional<\/em><\/strong><\/a>\nCampe\u00e3o das Prov\u00edncias | 18.fevereiro.2016<\/li>\n \t<li><a href=\"https:\/\/www.ijc.fd.uc.pt\/pdfs\/media\/campeao_18fev2016_2.pdf\"><strong><em>Ascensor | A subir<\/em><\/strong><\/a>\nCampe\u00e3o de Prov\u00edncias | 18.fevereiro.2016\n<em><strong>\n<\/strong><\/em><\/li>\n \t<li><strong><em><a href=\"https:\/\/www.ijc.fd.uc.pt\/pdfs\/media\/dl_16fev2016.pdf\">Instituto Jur\u00eddico da Comunica\u00e7\u00e3o em processo de 'rejuvenescimento'<\/a><\/em><\/strong>\nDi\u00e1rio de Leiria | 16.fevereiro.2016<\/li>\n \t<li><a href=\"https:\/\/www.ijc.fd.uc.pt\/pdfs\/media\/cp_15fev2016.pdf\"><em><strong>\"Direito e comunica\u00e7\u00e3o social\" em debate a 26 de Fevereiro<\/strong><\/em><\/a>\nCampe\u00e3o das Prov\u00edncias Online | 15.fevereiro.2016<\/li>\n \t<li><em><a href=\"https:\/\/www.ijc.fd.uc.pt\/pdfs\/media\/da_15fev2016.pdf\"><strong>Instituto Jur\u00eddico da Comunica\u00e7\u00e3o quer \" rejuvenescer\"<\/strong><\/a><\/em>\nDi\u00e1rio de Aveiro | 15 .fevereiro.2016<\/li>\n \t<li><a href=\"https:\/\/www.ijc.fd.uc.pt\/pdfs\/media\/dc_15fev2016.pdf\"><strong><em>Instituto Jur\u00eddico da Comunica\u00e7\u00e3o em processo de \"rejuvenescimento\"<\/em><\/strong><\/a>\nDi\u00e1rio de Coimbra | 15.fevereiro.2016<\/li>\n \t<li><a href=\"https:\/\/www.ijc.fd.uc.pt\/pdfs\/media\/dv_15fev2016.pdf\"><strong><em>Instituto Jur\u00eddico da Comunica\u00e7\u00e3o em processo de \"rejuvenescimento\"<\/em><\/strong><\/a>\nDi\u00e1rio de Viseu | 15.fevereiro.2016<\/li>\n \t<li><a href=\"https:\/\/www.ijc.fd.uc.pt\/pdfs\/media\/beiras_13fev2016.pdf\"><strong><em>Protocolo com o Instituto Jur\u00eddico da Comunica\u00e7\u00e3o<\/em><\/strong><\/a>\nDi\u00e1rio As Beiras | 13.fevereiro.2016<\/li>\n \t<li><a href=\"https:\/\/www.ijc.fd.uc.pt\/pdfs\/media\/nc_13fevereiro2016.pdf\"><strong><em>Media de Coimbra colaboram com Instituto Jur\u00eddico da Comunica\u00e7\u00e3o<\/em><\/strong><\/a>\nNot\u00edcias de Coimbra | 13.fevereiro.2016<\/li>\n \t<li><strong><em><a href=\"https:\/\/www.ijc.fd.uc.pt\/pdfs\/media\/nc_13fev2016.pdf\">Direito e Comunica\u00e7\u00e3o Social: Problema e Desafios<\/a><\/em><\/strong>\nNot\u00edcias de Coimbra | 13.fevereiro.2016<\/li>\n<\/ul>\n&nbsp;\n\n&nbsp;\n\n&nbsp;<\/div><\/div><\/div><\/div><\/div>","protected":false},"excerpt":{"rendered":"<p>&nbsp; 2018 Direito de resposta na comunica\u00e7\u00e3o social na Faculdade de Direito da UC Di\u00e1rio de Coimbra | 20.janeiro.2018 Curso [&hellip;]<\/p>\n","protected":false},"author":1,"featured_media":0,"parent":0,"menu_order":0,"comment_status":"closed","ping_status":"open","template":"","meta":{"footnotes":""},"_links":{"self":[{"href":"https:\/\/ijc.fd.uc.pt\/index.php?rest_route=\/wp\/v2\/pages\/209"}],"collection":[{"href":"https:\/\/ijc.fd.uc.pt\/index.php?rest_route=\/wp\/v2\/pages"}],"about":[{"href":"https:\/\/ijc.fd.uc.pt\/index.php?rest_route=\/wp\/v2\/types\/page"}],"author":[{"embeddable":true,"href":"https:\/\/ijc.fd.uc.pt\/index.php?rest_route=\/wp\/v2\/users\/1"}],"replies":[{"embeddable":true,"href":"https:\/\/ijc.fd.uc.pt\/index.php?rest_route=%2Fwp%2Fv2%2Fcomments&post=209"}],"version-history":[{"count":9,"href":"https:\/\/ijc.fd.uc.pt\/index.php?rest_route=\/wp\/v2\/pages\/209\/revisions"}],"predecessor-version":[{"id":355,"href":"https:\/\/ijc.fd.uc.pt\/index.php?rest_route=\/wp\/v2\/pages\/209\/revisions\/355"}],"wp:attachment":[{"href":"https:\/\/ijc.fd.uc.pt\/index.php?rest_route=%2Fwp%2Fv2%2Fmedia&parent=209"}],"curies":[{"name":"wp","href":"https:\/\/api.w.org\/{rel}","templated":true}]}}