{"id":727,"date":"2022-10-13T13:15:20","date_gmt":"2022-10-13T13:15:20","guid":{"rendered":"https:\/\/www.fd.uc.pt\/ijc\/?page_id=727"},"modified":"2025-03-10T14:04:04","modified_gmt":"2025-03-10T14:04:04","slug":"formulario-de-inscricao-vi-jornadas-luso-brasileiras-de-responsabilidade-civil","status":"publish","type":"page","link":"https:\/\/ijc.fd.uc.pt\/?page_id=727","title":{"rendered":"Formul\u00e1rio de Inscri\u00e7\u00e3o &#8211; IX JORNADAS LUSO-BRASILEIRAS DE RESPONSABILIDADE CIVIL"},"content":{"rendered":"<div id=\"pl-727\"  class=\"panel-layout\" ><div id=\"pg-727-0\"  class=\"panel-grid panel-has-style\" ><div data-overlay-opactity=\"1\" class=\"panel-row-style panel-row-style-for-727-0\" ><div id=\"pgc-727-0-0\"  class=\"panel-grid-cell\" ><div id=\"panel-727-0-0-0\" class=\"so-panel widget widget_themegrill_flash_image tg-widget tg-image-widget panel-first-child panel-last-child\" data-index=\"0\" ><div class=\"tg-image-block\">\r\n\t\t\t<img decoding=\"async\" src=\"https:\/\/ijc.fd.uc.pt\/wp-content\/uploads\/2025\/03\/cartaz_2025_2.jpg\" alt=\"\" \/>\r\n\t\t<\/div>\r\n<\/div><\/div><div id=\"pgc-727-0-1\"  class=\"panel-grid-cell\" ><div id=\"panel-727-0-1-0\" class=\"so-panel widget widget_text panel-first-child panel-last-child\" data-index=\"1\" >\t\t\t<div class=\"textwidget\">\n<\/div>\n\t\t<\/div><\/div><\/div><\/div><\/div>","protected":false},"excerpt":{"rendered":"","protected":false},"author":1,"featured_media":0,"parent":0,"menu_order":0,"comment_status":"closed","ping_status":"closed","template":"","meta":{"footnotes":""},"_links":{"self":[{"href":"https:\/\/ijc.fd.uc.pt\/index.php?rest_route=\/wp\/v2\/pages\/727"}],"collection":[{"href":"https:\/\/ijc.fd.uc.pt\/index.php?rest_route=\/wp\/v2\/pages"}],"about":[{"href":"https:\/\/ijc.fd.uc.pt\/index.php?rest_route=\/wp\/v2\/types\/page"}],"author":[{"embeddable":true,"href":"https:\/\/ijc.fd.uc.pt\/index.php?rest_route=\/wp\/v2\/users\/1"}],"replies":[{"embeddable":true,"href":"https:\/\/ijc.fd.uc.pt\/index.php?rest_route=%2Fwp%2Fv2%2Fcomments&post=727"}],"version-history":[{"count":23,"href":"https:\/\/ijc.fd.uc.pt\/index.php?rest_route=\/wp\/v2\/pages\/727\/revisions"}],"predecessor-version":[{"id":1088,"href":"https:\/\/ijc.fd.uc.pt\/index.php?rest_route=\/wp\/v2\/pages\/727\/revisions\/1088"}],"wp:attachment":[{"href":"https:\/\/ijc.fd.uc.pt\/index.php?rest_route=%2Fwp%2Fv2%2Fmedia&parent=727"}],"curies":[{"name":"wp","href":"https:\/\/api.w.org\/{rel}","templated":true}]}}